**3 - 142*f**2 + 145*f + 79. Determine w(7).
310
Let s(y) = 6*y**3 + 22*y**2 - 17*y - 1238. Give s(8).
3106
Let n(j) = 1071*j - 197032. Determine n(184).
32
Let z(s) = -6*s**3 - 4252*s**2 + 5681*s + 716. Give z(-710).
6
Let y(b) = -3*b**2 + 388*b - 1506. What is y(126)?
-246
Let q(i) = 2*i**3 - 82*i**2 - 243*i - 297. What is q(44)?
627
Let t(f) = 7607*f - 167345. Give t(22).
9
Let z(j) = 11548*j - 6143512. Determine z(532).
24
Let r(m) = -12345*m - 419804. Calculate r(-34).
-74
Let q(m) = -m**3 + 13*m**2 - 16*m + 15. What is q(7)?
197
Let b(c) = -25*c**2 - 5578*c + 107726. Calculate b(-241).
-1
Let y(s) = 185119*s - 185100. Calculate y(1).
19
Let q(f) = 2*f**3 + 19*f**2 + 48*f + 526. Determine q(-10).
-54
Let x(r) = r**3 + 16*r**2 + 95*r + 9. Determine x(4).
709
Let i(l) = -2*l**2 - 1579*l - 6296. Calculate i(-4).
-12
Let m(b) = -1219*b - 15909. Calculate m(-13).
-62
Let o(j) = 4*j**2 + 63*j + 129. What is o(-10)?
-101
Let w(a) = -94*a**2 + 410*a - 410. Determine w(1).
-94
Let p(n) = -282285*n + 1411499. Determine p(5).
74
Let y(v) = 7*v + 331. Determine y(22).
485
Let b(h) = 52*h**2 + 573*h + 5587. What is b(-10)?
5057
Let w(k) = k**3 - 17*k - 145. Calculate w(-6).
-259
Let k(u) = -8*u**2 + 1411*u + 5612. What is k(-4)?
-160
Let c(q) = -20345*q + 101718. Determine c(5).
-7
Let r(c) = 3*c**2 - 12*c - 1431. Give r(-20).
9
Let u(t) = -5*t**2 - 35526*t + 177782. What is u(5)?
27
Let l(y) = -84*y + 908. What is l(12)?
-100
Let z(c) = 847*c - 11198. Calculate z(13).
-187
Let g(s) = s**2 + 265*s + 10305. What is g(-47)?
59
Let s(n) = -23*n**2 + 1333*n + 91. Give s(58).
33
Let g(d) = -14424*d + 245410. Give g(17).
202
Let h(k) = -572437*k + 44650075. What is h(78)?
-11
Let j(k) = -8*k - 158. Determine j(4).
-190
Let c(y) = -3*y**3 + 2711*y**2 - 195444*y - 163. Give c(79).
-5
Let z(x) = 15*x**3 - 10*x**2 + 159*x - 158. What is z(1)?
6
Let r(m) = 3*m**3 - 563*m**2 - 770*m + 2693. Determine r(189).
47
Let i(o) = 64*o**3 - 10*o**2 - 11*o - 44. Give i(-3).
-1829
Let o(a) = 6*a**2 - 8026*a + 47939. Give o(6).
-1
Let s(b) = b**2 - 146*b - 15608. Give s(-72).
88
Let v(s) = 33642*s + 168719. What is v(-5)?
509
Let k(z) = z**3 + 14*z**2 - 1844*z + 2199. Calculate k(-51).
6
Let y(o) = 55*o - 5721. Calculate y(104).
-1
Let d(m) = 2*m**2 - 202*m - 1661. Determine d(0).
-1661
Let o(c) = c**2 + 105*c + 1311. What is o(-43)?
-1355
Let g(p) = 3*p**3 + 363*p**2 - 9951*p + 334. What is g(23)?
-11
Let h(u) = -51*u**2 + 2164*u + 8658. Calculate h(-4).
-814
Let i(c) = 6*c**2 - 572*c - 6102. Calculate i(-10).
218
Let i(o) = 707*o - 67869. Give i(96).
3
Let r(p) = p**2 - 179*p - 10399. Calculate r(225).
-49
Let b(n) = -2*n**3 - 16*n**2 - 97*n - 428. Determine b(-8).
348
Let m(o) = -11*o**2 - 159*o - 153. What is m(-13)?
55
Let o(s) = 2*s**2 - 12*s - 38617. What is o(142)?
7
Let a(o) = -2*o**2 + 2273*o - 33573. What is a(15)?
72
Let g(q) = -q**3 + 3*q**2 + 933*q + 4123. Determine g(34).
9
Let p(n) = n**3 - 187*n**2 + 102*n - 17783. Determine p(187).
1291
Let u(i) = -125358*i + 626790. Determine u(5).
0
Let u(z) = -1441982*z - 8651893. Determine u(-6).
-1
Let v(n) = -n**3 - 5629*n**2 - 117789*n - 444. Give v(-21).
-3
Let u(t) = -2*t**2 + 438*t - 9375. Determine u(195).
-15
Let m(i) = 44266*i - 7835075. Calculate m(177).
7
Let b(k) = 818*k + 29590. Determine b(-36).
142
Let z(u) = -16350*u + 5313754. What is z(325)?
4
Let f(y) = 25517*y + 51069. What is f(-2)?
35
Let j(q) = -60471*q + 241799. What is j(4)?
-85
Let h(f) = 50942*f**3 + 1069780*f**2 - 41*f + 30. What is h(-21)?
9
Let g(n) = -n**2 - 435*n + 84083. What is g(145)?
-17
Let h(o) = 50*o**2 - 162*o + 764. Calculate h(5).
1204
Let v(n) = 2*n**3 + 8*n**2 + 90*n + 213. Calculate v(-13).
-3999
Let b(t) = t**3 - 67*t**2 + 251*t + 251. What is b(63)?
188
Let r(n) = -3*n**2 + 931*n + 33294. Calculate r(342).
804
Let z(w) = -1295*w + 651376. Calculate z(503).
-9
Let f(j) = -2*j**2 - 1921*j + 499903. Calculate f(213).
-8
Let a(i) = 4*i**2 + 2945*i + 470097. Calculate a(-234).
-9
Let n(q) = 843*q - 74939. Give n(89).
88
Let z(u) = 60*u**2 - 5795*u - 2414. Determine z(97).
11
Let t(v) = v**2 - 10518*v - 84131. Determine t(-8).
77
Let j(k) = -4*k**3 + 5*k**2 - 69*k + 198. Give j(3).
-72
Let w(g) = 1318*g + 246465. What is w(-187)?
-1
Let q(j) = 8742*j - 262320. Determine q(30).
-60
Let b(t) = -2*t**3 - 50*t**2 - 255*t - 5036. What is b(-24)?
-68
Let z(c) = -28*c**2 + 489*c + 7685. Determine z(-10).
-5
Let s(l) = -153*l**2 - 2475*l - 435. What is s(-16)?
-3
Let m(a) = -37*a**2 + 2847*a + 124. Determine m(77).
-30
Let s(a) = 1969*a - 83044. Calculate s(42).
-346
Let b(t) = -t**3 + 176*t**2 - 3882*t - 423. Determine b(26).
45
Let g(s) = -3*s**3 - 32*s**2 - 878*s - 7620. Determine g(-9).
-123
Let b(z) = -z**2 + 25*z + 283. Give b(-18).
-491
Let w(p) = -37*p**2 - 1028*p + 208. Give w(-28).
-16
Let q(j) = -15235672*j + 45707022. Give q(3).
6
Let k(u) = u**3 - 13*u**2 - 4156*u + 69750. What is k(17)?
254
Let r(h) = -h**3 + 1443*h**2 - 75052*h + 63906. Give r(1389).
12
Let u(s) = 32*s**2 - 5864*s + 1457. Give u(183).
-7
Let r(v) = 544*v**2 + 3049*v - 5315. Calculate r(-7).
-2
Let t(q) = 9546*q - 104959. Calculate t(11).
47
Let j(q) = -13*q**3 - 3247*q**2 + 786*q + 9004. Determine j(-250).
4
Let t(d) = 437*d + 33964. What is t(-78)?
-122
Let b(n) = -1190*n + 490281. Give b(412).
1
Let v(j) = -j**2 + 2704*j - 271677. Calculate v(104).
-1277
Let m(s) = -s**3 + 38*s**2 - 210*s - 96. What is m(29)?
1383
Let y(g) = -355*g**3 - 64*g**2 + 66*g - 10. What is y(1)?
-363
Let s(q) = q**3 + 532*q**2 - 4324*q - 2168. What is s(-540)?
-8
Let o(g) = 4*g**3 - 122*g**2 - 484*g - 24. What is o(-4)?
-296
Let u(b) = -3*b**3 - 430*b**2 + 263*b - 2895. Calculate u(-144).
705
Let p(r) = -2*r**3 + 53*r**2 - 115*r - 225. Calculate p(23).
833
Let d(p) = 5*p**3 + 88*p**2 - 27*p - 1366. What is d(-17)?
-40
Let y(s) = -2*s**3 - 27*s**2 - 152*s + 30. Determine y(-13).
1837
Let k(l) = 88*l**2 - 9310*l - 36. What is k(106)?
1872
Let t(l) = 86439*l - 345760. Give t(4).
-4
Let l(q) = -20842*q + 312625. Give l(15).
-5
Let s(z) = z**2 - 72886*z - 1531066. What is s(-21)?
-19
Let n(d) = -9*d**3 - 43*d**2 - 4059*d - 4016. What is n(-1)?
9
Let l(b) = b**3 - 117*b**2 + 551*b + 36. Determine l(5).
-9
Let t(q) = -63*q**2 + 31458*q + 157255. Give t(-5).
-1610
Let l(a) = -589*a + 20405. Calculate l(35).
-210
Let n(x) = x**3 - 9*x**2 - 16*x + 371. Give n(-8).
-589
Let d(b) = -6290*b + 138349. Determine d(22).
-31
Let x(c) = 2*c**2 + 1730*c + 13714. Determine x(-8).
2
Let c(g) = 65*g**2 - 372*g + 12. Determine c(6).
120
Let l(a) = 3*a**2 - 576*a + 9378. What is l(18)?
-18
Let c(q) = -q**2 + 12002*q + 228467. Give c(-19).
68
Let y(c) = -41359*c + 10339758. Give y(250).
8
Let b(l) = -8587*l + 163077. Give b(19).
-76
Let l(b) = -2*b**3 - 38*b**2 - 51*b + 308. Calculate l(-17).
19
Let b(l) = 2876*l + 529127. Calculate b(-184).
-57
Let h(y) = -8*y**2 + 754*y + 4671. Give h(-6).
-141
Let w(t) = t**3 - 51*t**2 + 328*t + 78. Determine w(6).
426
Let x(a) = 982*a - 503766. Determine x(513).
0
Let g(q) = -3*q**3 - 2842*q**2 + 1563*q - 315679. Give g(-948).
5
Let r(i) = 3*i**2 + 3007*i - 23836. Determine r(8).
412
Let x(t) = 161*t - 4958. What is x(20)?
-1738
Let o(a) = 54*a**2 + 120*a + 32. What is o(5)?
1982
Let r(w) = 18280*w - 36490. Determine r(2).
70
Let q(v) = 525*v + 20031. Calculate q(-33).
2706
Let k(j) = j**3 - j**2 + 35*j - 73. Calculate k(2).
1
Let r(w) = -2*w**2 - 414*w - 16907. Determine r(-56).
5
Let y(o) = o**3 + 445*o**2 - 107*o + 351791. What is y(-447)?
2
Let r(q) = -2*q**3 + 788*q**2 - 5404*q - 5461. Give r(387).
-43
Let j(n) = -3*n**3 + 1377*n**2 + 1410*n - 13792. What is j(460)?
8
Let r(k) = -k**2 + 646*k + 270235. Determine r(-289).
20
Let v(s) = 3*s**2 - 265*s + 2870. Determine v(76).
58
Let r(n) = n**2 - 699*n + 104047. Give r(215).
-13
Let m(d) = d**3 - 34*d**2 + d - 148. Give m(34).
-114
Let l(h) = 45*h**3 - 1351*h**2 + 14*h + 610. Give l(30).
130
Let j(l) = l**2 - 307*l - 3734. Determine j(-12).
94
Let h(f) = -f**3 + 25*f**2 - 3880*f + 88027. Determine h(23).
-155
Let j(h) = 130*h + 18365. Give j(-142).
-95
Let o(s) = -67*s**3 - 468*s**2 + 12*s + 37. Give o(-7).
2
Let n(o) = 6552925*o - 32764620. What is n(5)?
5
Let z(y) = 6*y**2 + 291*y + 3928. Calculate z(-32).